{"id":2,"date":"2014-05-09T04:35:09","date_gmt":"2014-05-09T04:35:09","guid":{"rendered":"http:\/\/globalenachbarn.org\/?page_id=2"},"modified":"2021-02-07T22:13:47","modified_gmt":"2021-02-07T22:13:47","slug":"sample-page","status":"publish","type":"page","link":"https:\/\/globalenachbarn.org\/?page_id=2","title":{"rendered":"Verein"},"content":{"rendered":"\n<h1 class=\"wp-block-heading\"><a href=\"http:\/\/globalenachbarn.org\/wp-content\/uploads\/2015\/11\/GN_Logo_quadrat.png\"><img loading=\"lazy\" decoding=\"async\" class=\"size-thumbnail wp-image-766 alignright\" src=\"http:\/\/globalenachbarn.org\/wp-content\/uploads\/2015\/11\/GN_Logo_quadrat-150x150.png\" alt=\"GN_Logo_quadrat\" width=\"150\" height=\"150\" srcset=\"https:\/\/globalenachbarn.org\/wp-content\/uploads\/2015\/11\/GN_Logo_quadrat-150x150.png 150w, https:\/\/globalenachbarn.org\/wp-content\/uploads\/2015\/11\/GN_Logo_quadrat-300x300.png 300w, https:\/\/globalenachbarn.org\/wp-content\/uploads\/2015\/11\/GN_Logo_quadrat.png 800w\" sizes=\"auto, (max-width: 150px) 100vw, 150px\" \/><\/a>Der Verein &#8211; Was wir wollen<\/h1>\n\n\n\n<p>Globale Nachbarschaft e.V. hat etwa 20 teils aktive, teils f\u00f6rdernde Mitglieder verschiedener Alters- und Berufsgruppen. Wir teilen den Wunsch, Strukturen und Lebensweisen zu \u00fcberwinden, die f\u00fcr viele Menschen ein Leben in W\u00fcrde verhindern, obwohl genug f\u00fcr alle da ist. Unsere Welt r\u00fcckt n\u00e4her zusammen, ihre Ressourcen werden knapper und die Beziehungen \u00fcber den ganzen Globus hin werden immer vielf\u00e4ltiger. Auch dem fernen N\u00e4chsten m\u00f6chten wir in die Augen sehen k\u00f6nnen wie einem Nachbarn, mit dem wir unseren Lebensraum teilen und bewahren.<\/p>\n\n\n\n<p>Zur globalen Nachbarschaft in diesem Sinne leisten wir ehrenamtlich unseren Beitrag, indem wir<\/p>\n\n\n\n<ul class=\"wp-block-list\"><li>gemeinsam mit Parntergruppen in Brasilien <strong>Gemeinwohl-Projekte<\/strong> planen, begleiten und Gelder f\u00fcr ihre Verwirklichung sammeln,<\/li><li>global bedeutsame <strong>Themen<\/strong> und Hintergr\u00fcnde aufarbeiten und vortragen,<\/li><li>Ausstellungen und <strong>Informationsmaterial<\/strong> gestalten,<\/li><li>Sprachkenntnisse f\u00fcr <strong>Kontakte<\/strong> und Begegnungen mit Brasilianern einsetzen sowie<\/li><li>bei Solidarit\u00e4ts- und Dritte-Welt-<strong>Veranstaltungen<\/strong> mitwirken.<\/li><\/ul>\n\n\n\n<p>Konkret unterst\u00fctzen wir kleinere soziale Einrichtungen und Projekte an zwei Orten in Brasilien: Sobradinho im Norden Bahias und S\u00e3o Jo\u00e3o do Garraf\u00e3o im Hochland von Esp\u00edrito Santo. Pers\u00f6nliche Kontakte dorthin bestehen schon seit 1991. In regelm\u00e4\u00dfigen Besuchen pflegen wir die Freundschaft und die Partnerschaft zur weiteren Entwicklung der Einrichtungen.<\/p>\n\n\n\n<h3 class=\"wp-block-heading\">Spendenkonto<\/h3>\n\n\n\n<p>Konto-Nr. 363 490 18, Pax-Bank K\u00f6ln, BLZ 370 601 93<\/p>\n\n\n\n<p>IBAN: &nbsp; DE06 3706 0193 0036 3490 18<br>BIC: &nbsp; &nbsp; GENODED1PAX<\/p>\n\n\n\n<h3 class=\"wp-block-heading\">Sitz des Vereins<\/h3>\n\n\n\n<p>Adresse: <strong>Globale Nachbarschaft e.V. <strong>(c\/o Viola Hinz)<\/strong><br>Prympark 4, 52351 D\u00fcren<\/strong><br>Sitz des Vereins ist D\u00fcren (VR 2823)<\/p>\n\n\n\n<p>Der Verein war 20 Jahre lang in Bonn verortet, wo zur Zeit der Gr\u00fcndung die meisten Mitglieder wohnten. Mit der Zeit haben berufliche und famili\u00e4re Umst\u00e4nde dazu gef\u00fchrt, dass die Mitglieder im Rheinland und dar\u00fcber hinaus verstreut wohnen. Als letzte wohnte Frauke Kl\u00f6ser in Bonn. Seit der Gr\u00fcndung war sie als Kassenf\u00fchrerin im Vorstand aktiv und unterhielt die Gesch\u00e4ftsstelle des Vereins. Im Sommer 2020 verstarb sie nach schwerer Krankheit. Wir verlegten Sitz und Gesch\u00e4ftsstelle an den Wohnort der neuen Kassenf\u00fchrerin. Im Cohousing-Projekt &#8222;PrymPark&#8220; findet der Verein, der Gemeinschaftsprojekte unters\u00fctzt, einen passenden Rahmen.<\/p>\n\n\n\n<h3>Faltblatt mit Kurzvorstellung<\/h3>\n<p><a href=\"https:\/\/globalenachbarn.org\/wp-content\/uploads\/2021\/02\/GN-Faltblatt-2020_web.pdf\">Faltblatt Kurzvorstellung (PDF)<\/a><\/p>\n\n\n<div class=\"pt-cv-wrapper\"><div class=\"pt-cv-view pt-cv-grid pt-cv-colsys\" id=\"pt-cv-view-d0e1c97916\"><div data-id=\"pt-cv-page-1\" class=\"pt-cv-page\" data-cvc=\"2\"><div class=\"col-md-6 col-sm-6 col-xs-12 pt-cv-content-item pt-cv-1-col\" ><div class='pt-cv-ifield'><a href=\"https:\/\/globalenachbarn.org\/?p=3483\" class=\"_self pt-cv-href-thumbnail pt-cv-thumb-default\" target=\"_self\" ><\/a>\n<h4 class=\"pt-cv-title\"><a href=\"https:\/\/globalenachbarn.org\/?p=3483\" class=\"_self\" target=\"_self\" >Jahresbericht 2022<\/a><\/h4>\n<div class=\"pt-cv-content\">Wichtige Themen des Jahres Reise von Guido Hinz und Jochen Anger nach Brasilien F\u00f6rderung der KiTa Gente Valente durch Photovoltaik, ...<br \/><div class=\"pt-cv-rmwrap\"><a href=\"https:\/\/globalenachbarn.org\/?p=3483\" class=\"_self pt-cv-readmore btn btn-success\" target=\"_self\">Weiterlesen \u2026<\/a><\/div><\/div><\/div><\/div>\n<div class=\"col-md-6 col-sm-6 col-xs-12 pt-cv-content-item pt-cv-1-col\" ><div class='pt-cv-ifield'><a href=\"https:\/\/globalenachbarn.org\/?p=3330\" class=\"_self pt-cv-href-thumbnail pt-cv-thumb-default\" target=\"_self\" ><\/a>\n<h4 class=\"pt-cv-title\"><a href=\"https:\/\/globalenachbarn.org\/?p=3330\" class=\"_self\" target=\"_self\" >Jahresbericht 2021<\/a><\/h4>\n<div class=\"pt-cv-content\">Wichtige Themen des Jahres: Erbschein f\u00fcr den Nachlass von Frauke Kl\u00f6ser ist endlich da Pandemie erschwert weiterhin die Entwicklung der ...<br \/><div class=\"pt-cv-rmwrap\"><a href=\"https:\/\/globalenachbarn.org\/?p=3330\" class=\"_self pt-cv-readmore btn btn-success\" target=\"_self\">Weiterlesen \u2026<\/a><\/div><\/div><\/div><\/div>\n<div class=\"col-md-6 col-sm-6 col-xs-12 pt-cv-content-item pt-cv-1-col\" ><div class='pt-cv-ifield'><a href=\"https:\/\/globalenachbarn.org\/?p=3320\" class=\"_self pt-cv-href-thumbnail pt-cv-thumb-default\" target=\"_self\" ><\/a>\n<h4 class=\"pt-cv-title\"><a href=\"https:\/\/globalenachbarn.org\/?p=3320\" class=\"_self\" target=\"_self\" >Jahresbericht 2020<\/a><\/h4>\n<div class=\"pt-cv-content\">Wichtige Themen des Jahres Frauke Kl\u00f6ser, Gr\u00fcndungsmitglied und langj\u00e4hrige Schatzmeisterin des Vereins verstirbt Corona schl\u00e4gt zu: Schlie\u00dfung aller Bildungseinrichtungen in ...<br \/><div class=\"pt-cv-rmwrap\"><a href=\"https:\/\/globalenachbarn.org\/?p=3320\" class=\"_self pt-cv-readmore btn btn-success\" target=\"_self\">Weiterlesen \u2026<\/a><\/div><\/div><\/div><\/div><\/div><\/div><\/div>\n","protected":false},"excerpt":{"rendered":"<p>Der Verein &#8211; Was wir wollen Globale Nachbarschaft e.V. hat etwa 20 teils aktive, teils f\u00f6rdernde Mitglieder verschiedener Alters- und Berufsgruppen. Wir teilen den Wunsch, Strukturen und Lebensweisen zu \u00fcberwinden, <a class=\"more-link\" href=\"https:\/\/globalenachbarn.org\/?page_id=2\">Weiter lesen \u2192<\/a><\/p>\n","protected":false},"author":1,"featured_media":0,"parent":0,"menu_order":5,"comment_status":"closed","ping_status":"closed","template":"","meta":{"footnotes":""},"class_list":["post-2","page","type-page","status-publish","hentry"],"_links":{"self":[{"href":"https:\/\/globalenachbarn.org\/index.php?rest_route=\/wp\/v2\/pages\/2","targetHints":{"allow":["GET"]}}],"collection":[{"href":"https:\/\/globalenachbarn.org\/index.php?rest_route=\/wp\/v2\/pages"}],"about":[{"href":"https:\/\/globalenachbarn.org\/index.php?rest_route=\/wp\/v2\/types\/page"}],"author":[{"embeddable":true,"href":"https:\/\/globalenachbarn.org\/index.php?rest_route=\/wp\/v2\/users\/1"}],"replies":[{"embeddable":true,"href":"https:\/\/globalenachbarn.org\/index.php?rest_route=%2Fwp%2Fv2%2Fcomments&post=2"}],"version-history":[{"count":17,"href":"https:\/\/globalenachbarn.org\/index.php?rest_route=\/wp\/v2\/pages\/2\/revisions"}],"predecessor-version":[{"id":2355,"href":"https:\/\/globalenachbarn.org\/index.php?rest_route=\/wp\/v2\/pages\/2\/revisions\/2355"}],"wp:attachment":[{"href":"https:\/\/globalenachbarn.org\/index.php?rest_route=%2Fwp%2Fv2%2Fmedia&parent=2"}],"curies":[{"name":"wp","href":"https:\/\/api.w.org\/{rel}","templated":true}]}}

<h1 class="wp-block-heading"><a href="http://globalenachbarn.org/wp-content/uploads/2015/11/GN_Logo_quadrat.png"><img loading="lazy" decoding="async" class="size-thumbnail wp-image-766 alignright" src="http://globalenachbarn.org/wp-content/uploads/2015/11/GN_Logo_quadrat-150x150.png" alt="GN_Logo_quadrat" width="150" height="150" srcset="https://globalenachbarn.org/wp-content/uploads/2015/11/GN_Logo_quadrat-150x150.png 150w, https://globalenachbarn.org/wp-content/uploads/2015/11/GN_Logo_quadrat-300x300.png 300w, https://globalenachbarn.org/wp-content/uploads/2015/11/GN_Logo_quadrat.png 800w" sizes="auto, (max-width: 150px) 100vw, 150px" /></a>Der Verein &#8211; Was wir wollen</h1>



<p>Globale Nachbarschaft e.V. hat etwa 20 teils aktive, teils fördernde Mitglieder verschiedener Alters- und Berufsgruppen. Wir teilen den Wunsch, Strukturen und Lebensweisen zu überwinden, die für viele Menschen ein Leben in Würde verhindern, obwohl genug für alle da ist. Unsere Welt rückt näher zusammen, ihre Ressourcen werden knapper und die Beziehungen über den ganzen Globus hin werden immer vielfältiger. Auch dem fernen Nächsten möchten wir in die Augen sehen können wie einem Nachbarn, mit dem wir unseren Lebensraum teilen und bewahren.</p>



<p>Zur globalen Nachbarschaft in diesem Sinne leisten wir ehrenamtlich unseren Beitrag, indem wir</p>



<ul class="wp-block-list"><li>gemeinsam mit Parntergruppen in Brasilien <strong>Gemeinwohl-Projekte</strong> planen, begleiten und Gelder für ihre Verwirklichung sammeln,</li><li>global bedeutsame <strong>Themen</strong> und Hintergründe aufarbeiten und vortragen,</li><li>Ausstellungen und <strong>Informationsmaterial</strong> gestalten,</li><li>Sprachkenntnisse für <strong>Kontakte</strong> und Begegnungen mit Brasilianern einsetzen sowie</li><li>bei Solidaritäts- und Dritte-Welt-<strong>Veranstaltungen</strong> mitwirken.</li></ul>



<p>Konkret unterstützen wir kleinere soziale Einrichtungen und Projekte an zwei Orten in Brasilien: Sobradinho im Norden Bahias und São João do Garrafão im Hochland von Espírito Santo. Persönliche Kontakte dorthin bestehen schon seit 1991. In regelmäßigen Besuchen pflegen wir die Freundschaft und die Partnerschaft zur weiteren Entwicklung der Einrichtungen.</p>



<h3 class="wp-block-heading">Spendenkonto</h3>



<p>Konto-Nr. 363 490 18, Pax-Bank Köln, BLZ 370 601 93</p>



<p>IBAN: &nbsp; DE06 3706 0193 0036 3490 18<br>BIC: &nbsp; &nbsp; GENODED1PAX</p>



<h3 class="wp-block-heading">Sitz des Vereins</h3>



<p>Adresse: <strong>Globale Nachbarschaft e.V. <strong>(c/o Viola Hinz)</strong><br>Prympark 4, 52351 Düren</strong><br>Sitz des Vereins ist Düren (VR 2823)</p>



<p>Der Verein war 20 Jahre lang in Bonn verortet, wo zur Zeit der Gründung die meisten Mitglieder wohnten. Mit der Zeit haben berufliche und familiäre Umstände dazu geführt, dass die Mitglieder im Rheinland und darüber hinaus verstreut wohnen. Als letzte wohnte Frauke Klöser in Bonn. Seit der Gründung war sie als Kassenführerin im Vorstand aktiv und unterhielt die Geschäftsstelle des Vereins. Im Sommer 2020 verstarb sie nach schwerer Krankheit. Wir verlegten Sitz und Geschäftsstelle an den Wohnort der neuen Kassenführerin. Im Cohousing-Projekt &#8222;PrymPark&#8220; findet der Verein, der Gemeinschaftsprojekte untersützt, einen passenden Rahmen.</p>



<h3>Faltblatt mit Kurzvorstellung</h3>
<p><a href="https://globalenachbarn.org/wp-content/uploads/2021/02/GN-Faltblatt-2020_web.pdf">Faltblatt Kurzvorstellung (PDF)</a></p>


<div class="pt-cv-wrapper"><div class="pt-cv-view pt-cv-grid pt-cv-colsys" id="pt-cv-view-d0e1c97916"><div data-id="pt-cv-page-1" class="pt-cv-page" data-cvc="2"><div class="col-md-6 col-sm-6 col-xs-12 pt-cv-content-item pt-cv-1-col" ><div class='pt-cv-ifield'><a href="https://globalenachbarn.org/?p=3483" class="_self pt-cv-href-thumbnail pt-cv-thumb-default" target="_self" ></a>
<h4 class="pt-cv-title"><a href="https://globalenachbarn.org/?p=3483" class="_self" target="_self" >Jahresbericht 2022</a></h4>
<div class="pt-cv-content">Wichtige Themen des Jahres Reise von Guido Hinz und Jochen Anger nach Brasilien Förderung der KiTa Gente Valente durch Photovoltaik, ...<br /><div class="pt-cv-rmwrap"><a href="https://globalenachbarn.org/?p=3483" class="_self pt-cv-readmore btn btn-success" target="_self">Weiterlesen …</a></div></div></div></div>
<div class="col-md-6 col-sm-6 col-xs-12 pt-cv-content-item pt-cv-1-col" ><div class='pt-cv-ifield'><a href="https://globalenachbarn.org/?p=3330" class="_self pt-cv-href-thumbnail pt-cv-thumb-default" target="_self" ></a>
<h4 class="pt-cv-title"><a href="https://globalenachbarn.org/?p=3330" class="_self" target="_self" >Jahresbericht 2021</a></h4>
<div class="pt-cv-content">Wichtige Themen des Jahres: Erbschein für den Nachlass von Frauke Klöser ist endlich da Pandemie erschwert weiterhin die Entwicklung der ...<br /><div class="pt-cv-rmwrap"><a href="https://globalenachbarn.org/?p=3330" class="_self pt-cv-readmore btn btn-success" target="_self">Weiterlesen …</a></div></div></div></div>
<div class="col-md-6 col-sm-6 col-xs-12 pt-cv-content-item pt-cv-1-col" ><div class='pt-cv-ifield'><a href="https://globalenachbarn.org/?p=3320" class="_self pt-cv-href-thumbnail pt-cv-thumb-default" target="_self" ></a>
<h4 class="pt-cv-title"><a href="https://globalenachbarn.org/?p=3320" class="_self" target="_self" >Jahresbericht 2020</a></h4>
<div class="pt-cv-content">Wichtige Themen des Jahres Frauke Klöser, Gründungsmitglied und langjährige Schatzmeisterin des Vereins verstirbt Corona schlägt zu: Schließung aller Bildungseinrichtungen in ...<br /><div class="pt-cv-rmwrap"><a href="https://globalenachbarn.org/?p=3320" class="_self pt-cv-readmore btn btn-success" target="_self">Weiterlesen …</a></div></div></div></div></div></div></div>

<p>Der Verein &#8211; Was wir wollen Globale Nachbarschaft e.V. hat etwa 20 teils aktive, teils fördernde Mitglieder verschiedener Alters- und Berufsgruppen. Wir teilen den Wunsch, Strukturen und Lebensweisen zu überwinden, <a class="more-link" href="https://globalenachbarn.org/?page_id=2">Weiter lesen →</a></p>
