{"id":2181,"date":"2016-09-30T13:36:11","date_gmt":"2016-09-30T13:36:11","guid":{"rendered":"http:\/\/globalenachbarn.org\/?page_id=2181"},"modified":"2016-09-30T13:40:56","modified_gmt":"2016-09-30T13:40:56","slug":"landwirtschaftliche-familienschule-garrafao","status":"publish","type":"page","link":"https:\/\/globalenachbarn.org\/?page_id=2181","title":{"rendered":"Landwirtschaftliche Familienschule Garraf\u00e3o"},"content":{"rendered":"<p><a href=\"http:\/\/globalenachbarn.org\/wp-content\/uploads\/2016\/09\/ga_efa_schulhof_02.jpg\"><img loading=\"lazy\" decoding=\"async\" class=\"alignleft size-medium wp-image-2165\" src=\"http:\/\/globalenachbarn.org\/wp-content\/uploads\/2016\/09\/ga_efa_schulhof_02-300x199.jpg\" alt=\"Sch\u00fcler der Mittelstufe in der Pause\" width=\"300\" height=\"199\" srcset=\"https:\/\/globalenachbarn.org\/wp-content\/uploads\/2016\/09\/ga_efa_schulhof_02-300x199.jpg 300w, https:\/\/globalenachbarn.org\/wp-content\/uploads\/2016\/09\/ga_efa_schulhof_02-150x100.jpg 150w, https:\/\/globalenachbarn.org\/wp-content\/uploads\/2016\/09\/ga_efa_schulhof_02-768x511.jpg 768w, https:\/\/globalenachbarn.org\/wp-content\/uploads\/2016\/09\/ga_efa_schulhof_02-500x332.jpg 500w, https:\/\/globalenachbarn.org\/wp-content\/uploads\/2016\/09\/ga_efa_schulhof_02.jpg 1900w\" sizes=\"auto, (max-width: 300px) 100vw, 300px\" \/><\/a>Es ist eine Schule der besonderen Art in Brasilien: die \u201eLandwirtschaftliche Familienschule\u201c (EFA) des Dorfes S\u00e3o Jo\u00e3o do Garraf\u00e3o <em>(sprich &#8222;Gahafau&#8220;)<\/em> im S\u00fcdosten Brasiliens. Etwa 240 Sch\u00fcler der 5. bis 11. Klasse erhalten eine Ausbildung im Wechsel zwischen einer Woche Ganztagsschule und einer Woche auf dem elterlichen Hof. Etwa die H\u00e4lfte der Sch\u00fcler kommt aus D\u00f6rfern, die so schwierig zu erreichen sind, dass sie w\u00e4hrend der Schulwoche im Internat der Schule wohnen.<\/p>\n<p>Der Unterricht wird durch Landwirtschaft auf dem Gel\u00e4nde der Schule erg\u00e4nzt, das zum gro\u00dfen Teil noch von Urwald bedeckt ist. Nach einem zus\u00e4tzlichen zw\u00f6lften Schuljahr sind die Absolventen Agrartechniker mit Schwerpunkt \u00f6kologischer Obst- und Gem\u00fcseanbau. Die Ausbildung spielt eine wichtige Rolle, um den \u00f6kologischen Landbau auszubauen und die Landflucht zu verringern.<\/p>\n<p><a href=\"http:\/\/globalenachbarn.org\/wp-content\/uploads\/2016\/09\/ga_karte_brasil.jpg\"><img loading=\"lazy\" decoding=\"async\" class=\"alignright size-medium wp-image-2169\" src=\"http:\/\/globalenachbarn.org\/wp-content\/uploads\/2016\/09\/ga_karte_brasil-288x250.jpg\" alt=\"Brasiliens Regionen und die Lage von Garraf\u00e3o\" width=\"288\" height=\"250\" srcset=\"https:\/\/globalenachbarn.org\/wp-content\/uploads\/2016\/09\/ga_karte_brasil-288x250.jpg 288w, https:\/\/globalenachbarn.org\/wp-content\/uploads\/2016\/09\/ga_karte_brasil-150x130.jpg 150w, https:\/\/globalenachbarn.org\/wp-content\/uploads\/2016\/09\/ga_karte_brasil-768x668.jpg 768w, https:\/\/globalenachbarn.org\/wp-content\/uploads\/2016\/09\/ga_karte_brasil-500x435.jpg 500w, https:\/\/globalenachbarn.org\/wp-content\/uploads\/2016\/09\/ga_karte_brasil.jpg 1900w\" sizes=\"auto, (max-width: 288px) 100vw, 288px\" \/><\/a>Im Hochland des Bundesstaates Esp\u00edrito Santo (\u201eHeiliger Geist\u201c) besteht die Bev\u00f6lkerung zu 80\u00a0% aus Nachfahren pommerscher Einwanderer, die im 19. Jahrhundert vor der Hungersnot in Europa nach Brasilien geflohen sind. Sie geh\u00f6ren zur evangelisch-lutherischen Kirche und leben in sehr einfachen Verh\u00e4ltnissen von famili\u00e4rer Landwirtschaft.<\/p>\n<h2>Artikel zur EFA in S\u00e3o Jo\u00e3o do Garraf\u00e3o<\/h2>\n<div class=\"pt-cv-wrapper\"><div class=\"pt-cv-view pt-cv-grid pt-cv-colsys\" id=\"pt-cv-view-ca708ccl3e\"><div data-id=\"pt-cv-page-1\" class=\"pt-cv-page\" data-cvc=\"2\"><div class=\"col-md-6 col-sm-6 col-xs-12 pt-cv-content-item pt-cv-1-col\" ><div class='pt-cv-ifield'><a href=\"https:\/\/globalenachbarn.org\/?p=2780\" class=\"_self pt-cv-href-thumbnail pt-cv-thumb-default\" target=\"_self\" ><img loading=\"lazy\" decoding=\"async\" width=\"300\" height=\"225\" src=\"https:\/\/globalenachbarn.org\/wp-content\/uploads\/2022\/10\/DSCN7551-300x225.jpg\" class=\"pt-cv-thumbnail\" alt=\"Das erste Kalb in diesem Jahr\" srcset=\"https:\/\/globalenachbarn.org\/wp-content\/uploads\/2022\/10\/DSCN7551-300x225.jpg 300w, https:\/\/globalenachbarn.org\/wp-content\/uploads\/2022\/10\/DSCN7551-500x375.jpg 500w, https:\/\/globalenachbarn.org\/wp-content\/uploads\/2022\/10\/DSCN7551-150x113.jpg 150w, https:\/\/globalenachbarn.org\/wp-content\/uploads\/2022\/10\/DSCN7551-768x576.jpg 768w, https:\/\/globalenachbarn.org\/wp-content\/uploads\/2022\/10\/DSCN7551-1536x1152.jpg 1536w, https:\/\/globalenachbarn.org\/wp-content\/uploads\/2022\/10\/DSCN7551.jpg 2000w\" sizes=\"auto, (max-width: 300px) 100vw, 300px\" \/><\/a>\n<h4 class=\"pt-cv-title\"><a href=\"https:\/\/globalenachbarn.org\/?p=2780\" class=\"_self\" target=\"_self\" >Galerie:  Im Kuhstall tut sich was&#8230;<\/a><\/h4>\n<div class=\"pt-cv-content\">F\u00fcr die Ausbildung in der Schule gibt es neben den G\u00e4rten und Feldern auch einige Tiere. Die Rinder bekamen w\u00e4hrend ...<br \/><div class=\"pt-cv-rmwrap\"><a href=\"https:\/\/globalenachbarn.org\/?p=2780\" class=\"_self pt-cv-readmore btn btn-success\" target=\"_self\">Weiterlesen \u2026<\/a><\/div><\/div><\/div><\/div>\n<div class=\"col-md-6 col-sm-6 col-xs-12 pt-cv-content-item pt-cv-1-col\" ><div class='pt-cv-ifield'><a href=\"https:\/\/globalenachbarn.org\/?p=2772\" class=\"_self pt-cv-href-thumbnail pt-cv-thumb-default\" target=\"_self\" ><img loading=\"lazy\" decoding=\"async\" width=\"300\" height=\"225\" src=\"https:\/\/globalenachbarn.org\/wp-content\/uploads\/2022\/10\/DSCN7456-300x225.jpg\" class=\"pt-cv-thumbnail\" alt=\"Eine Klasse der Oberstufe\" srcset=\"https:\/\/globalenachbarn.org\/wp-content\/uploads\/2022\/10\/DSCN7456-300x225.jpg 300w, https:\/\/globalenachbarn.org\/wp-content\/uploads\/2022\/10\/DSCN7456-500x375.jpg 500w, https:\/\/globalenachbarn.org\/wp-content\/uploads\/2022\/10\/DSCN7456-150x113.jpg 150w, https:\/\/globalenachbarn.org\/wp-content\/uploads\/2022\/10\/DSCN7456-768x576.jpg 768w, https:\/\/globalenachbarn.org\/wp-content\/uploads\/2022\/10\/DSCN7456-1536x1152.jpg 1536w, https:\/\/globalenachbarn.org\/wp-content\/uploads\/2022\/10\/DSCN7456.jpg 2000w\" sizes=\"auto, (max-width: 300px) 100vw, 300px\" \/><\/a>\n<h4 class=\"pt-cv-title\"><a href=\"https:\/\/globalenachbarn.org\/?p=2772\" class=\"_self\" target=\"_self\" >Galerie: Weitere Facetten des Schulalltags<\/a><\/h4>\n<div class=\"pt-cv-content\">Die B\u00e4ckerei der Schule - Hier wird fast t\u00e4glich Brot gebacken und ab und zu Kuchen. Der untere Schulhof mit ...<br \/><div class=\"pt-cv-rmwrap\"><a href=\"https:\/\/globalenachbarn.org\/?p=2772\" class=\"_self pt-cv-readmore btn btn-success\" target=\"_self\">Weiterlesen \u2026<\/a><\/div><\/div><\/div><\/div>\n<div class=\"col-md-6 col-sm-6 col-xs-12 pt-cv-content-item pt-cv-1-col\" ><div class='pt-cv-ifield'><a href=\"https:\/\/globalenachbarn.org\/?p=2425\" class=\"_self pt-cv-href-thumbnail pt-cv-thumb-default\" target=\"_self\" ><img loading=\"lazy\" decoding=\"async\" width=\"300\" height=\"169\" src=\"https:\/\/globalenachbarn.org\/wp-content\/uploads\/2022\/10\/DSCN7226-300x169.jpg\" class=\"pt-cv-thumbnail\" alt=\"\" srcset=\"https:\/\/globalenachbarn.org\/wp-content\/uploads\/2022\/10\/DSCN7226-300x169.jpg 300w, https:\/\/globalenachbarn.org\/wp-content\/uploads\/2022\/10\/DSCN7226-500x281.jpg 500w, https:\/\/globalenachbarn.org\/wp-content\/uploads\/2022\/10\/DSCN7226-150x84.jpg 150w, https:\/\/globalenachbarn.org\/wp-content\/uploads\/2022\/10\/DSCN7226-768x432.jpg 768w, https:\/\/globalenachbarn.org\/wp-content\/uploads\/2022\/10\/DSCN7226-1536x864.jpg 1536w, https:\/\/globalenachbarn.org\/wp-content\/uploads\/2022\/10\/DSCN7226.jpg 2000w\" sizes=\"auto, (max-width: 300px) 100vw, 300px\" \/><\/a>\n<h4 class=\"pt-cv-title\"><a href=\"https:\/\/globalenachbarn.org\/?p=2425\" class=\"_self\" target=\"_self\" >Ausbau der EFA<\/a><\/h4>\n<div class=\"pt-cv-content\">Aktuell besuchen 185 Sch\u00fcler die EFA von S\u00e3o Jo\u00e3o do Garraf\u00e3o, verteilt auf acht Klassen. Die vier Klassen der Mittelstufe ...<br \/><div class=\"pt-cv-rmwrap\"><a href=\"https:\/\/globalenachbarn.org\/?p=2425\" class=\"_self pt-cv-readmore btn btn-success\" target=\"_self\">Weiterlesen \u2026<\/a><\/div><\/div><\/div><\/div>\n<div class=\"col-md-6 col-sm-6 col-xs-12 pt-cv-content-item pt-cv-1-col\" ><div class='pt-cv-ifield'><a href=\"https:\/\/globalenachbarn.org\/?p=2036\" class=\"_self pt-cv-href-thumbnail pt-cv-thumb-default\" target=\"_self\" ><img loading=\"lazy\" decoding=\"async\" width=\"300\" height=\"199\" src=\"https:\/\/globalenachbarn.org\/wp-content\/uploads\/2016\/09\/ga_efa_schulhof_01-300x199.jpg\" class=\"pt-cv-thumbnail\" alt=\"\" srcset=\"https:\/\/globalenachbarn.org\/wp-content\/uploads\/2016\/09\/ga_efa_schulhof_01-300x199.jpg 300w, https:\/\/globalenachbarn.org\/wp-content\/uploads\/2016\/09\/ga_efa_schulhof_01-150x100.jpg 150w, https:\/\/globalenachbarn.org\/wp-content\/uploads\/2016\/09\/ga_efa_schulhof_01-768x511.jpg 768w, https:\/\/globalenachbarn.org\/wp-content\/uploads\/2016\/09\/ga_efa_schulhof_01-500x332.jpg 500w, https:\/\/globalenachbarn.org\/wp-content\/uploads\/2016\/09\/ga_efa_schulhof_01.jpg 1900w\" sizes=\"auto, (max-width: 300px) 100vw, 300px\" \/><\/a>\n<h4 class=\"pt-cv-title\"><a href=\"https:\/\/globalenachbarn.org\/?p=2036\" class=\"_self\" target=\"_self\" >Reisebericht Garraf\u00e3o 2015<\/a><\/h4>\n<div class=\"pt-cv-content\">Nach etwa 14 Stunden Busreise von Rio de Janeiro aus traf unsere Reisegruppe in S\u00e3o Jo\u00e3o do Garraf\u00e3o ein ...<br \/><div class=\"pt-cv-rmwrap\"><a href=\"https:\/\/globalenachbarn.org\/?p=2036\" class=\"_self pt-cv-readmore btn btn-success\" target=\"_self\">Weiterlesen \u2026<\/a><\/div><\/div><\/div><\/div>\n<div class=\"col-md-6 col-sm-6 col-xs-12 pt-cv-content-item pt-cv-1-col\" ><div class='pt-cv-ifield'><a href=\"https:\/\/globalenachbarn.org\/?p=743\" class=\"_self pt-cv-href-thumbnail pt-cv-thumb-default\" target=\"_self\" ><\/a>\n<h4 class=\"pt-cv-title\"><a href=\"https:\/\/globalenachbarn.org\/?p=743\" class=\"_self\" target=\"_self\" >Neues von der EFA Garraf\u00e3o<\/a><\/h4>\n<div class=\"pt-cv-content\">Die EFA Garraf\u00e3o hat ihr bisheriges System umgestellt, bei dem ein zus\u00e4tzliches Jahr mit fachlichem Schwerpunkt angeh\u00e4ngt wurde. Die Sch\u00fcler ...<br \/><div class=\"pt-cv-rmwrap\"><a href=\"https:\/\/globalenachbarn.org\/?p=743\" class=\"_self pt-cv-readmore btn btn-success\" target=\"_self\">Weiterlesen \u2026<\/a><\/div><\/div><\/div><\/div>\n<div class=\"col-md-6 col-sm-6 col-xs-12 pt-cv-content-item pt-cv-1-col\" ><div class='pt-cv-ifield'><a href=\"https:\/\/globalenachbarn.org\/?p=1581\" class=\"_self pt-cv-href-thumbnail pt-cv-thumb-default\" target=\"_self\" ><\/a>\n<h4 class=\"pt-cv-title\"><a href=\"https:\/\/globalenachbarn.org\/?p=1581\" class=\"_self\" target=\"_self\" >Die EFA Garrafao<\/a><\/h4>\n<div class=\"pt-cv-content\">Den Kontakt zur landwirtschaftlichen Familienschule (EFA) in Garraf\u00e3o erhielten wir bereits 1997 durch den Leiter der Schule und ev.-luth. Pfarrer ...<br \/><div class=\"pt-cv-rmwrap\"><a href=\"https:\/\/globalenachbarn.org\/?p=1581\" class=\"_self pt-cv-readmore btn btn-success\" target=\"_self\">Weiterlesen \u2026<\/a><\/div><\/div><\/div><\/div><\/div><\/div><\/div>\n","protected":false},"excerpt":{"rendered":"<p>Es ist eine Schule der besonderen Art in Brasilien: die \u201eLandwirtschaftliche Familienschule\u201c (EFA) des Dorfes S\u00e3o Jo\u00e3o do Garraf\u00e3o (sprich &#8222;Gahafau&#8220;) im S\u00fcdosten Brasiliens. Etwa 240 Sch\u00fcler der 5. bis <a class=\"more-link\" href=\"https:\/\/globalenachbarn.org\/?page_id=2181\">Weiter lesen \u2192<\/a><\/p>\n","protected":false},"author":2,"featured_media":0,"parent":0,"menu_order":0,"comment_status":"closed","ping_status":"closed","template":"","meta":{"footnotes":""},"class_list":["post-2181","page","type-page","status-publish","hentry"],"_links":{"self":[{"href":"https:\/\/globalenachbarn.org\/index.php?rest_route=\/wp\/v2\/pages\/2181","targetHints":{"allow":["GET"]}}],"collection":[{"href":"https:\/\/globalenachbarn.org\/index.php?rest_route=\/wp\/v2\/pages"}],"about":[{"href":"https:\/\/globalenachbarn.org\/index.php?rest_route=\/wp\/v2\/types\/page"}],"author":[{"embeddable":true,"href":"https:\/\/globalenachbarn.org\/index.php?rest_route=\/wp\/v2\/users\/2"}],"replies":[{"embeddable":true,"href":"https:\/\/globalenachbarn.org\/index.php?rest_route=%2Fwp%2Fv2%2Fcomments&post=2181"}],"version-history":[{"count":1,"href":"https:\/\/globalenachbarn.org\/index.php?rest_route=\/wp\/v2\/pages\/2181\/revisions"}],"predecessor-version":[{"id":2183,"href":"https:\/\/globalenachbarn.org\/index.php?rest_route=\/wp\/v2\/pages\/2181\/revisions\/2183"}],"wp:attachment":[{"href":"https:\/\/globalenachbarn.org\/index.php?rest_route=%2Fwp%2Fv2%2Fmedia&parent=2181"}],"curies":[{"name":"wp","href":"https:\/\/api.w.org\/{rel}","templated":true}]}}

Landwirtschaftliche Familienschule Garrafão

<p><a href="http://globalenachbarn.org/wp-content/uploads/2016/09/ga_efa_schulhof_02.jpg"><img loading="lazy" decoding="async" class="alignleft size-medium wp-image-2165" src="http://globalenachbarn.org/wp-content/uploads/2016/09/ga_efa_schulhof_02-300x199.jpg" alt="Schüler der Mittelstufe in der Pause" width="300" height="199" srcset="https://globalenachbarn.org/wp-content/uploads/2016/09/ga_efa_schulhof_02-300x199.jpg 300w, https://globalenachbarn.org/wp-content/uploads/2016/09/ga_efa_schulhof_02-150x100.jpg 150w, https://globalenachbarn.org/wp-content/uploads/2016/09/ga_efa_schulhof_02-768x511.jpg 768w, https://globalenachbarn.org/wp-content/uploads/2016/09/ga_efa_schulhof_02-500x332.jpg 500w, https://globalenachbarn.org/wp-content/uploads/2016/09/ga_efa_schulhof_02.jpg 1900w" sizes="auto, (max-width: 300px) 100vw, 300px" /></a>Es ist eine Schule der besonderen Art in Brasilien: die „Landwirtschaftliche Familienschule“ (EFA) des Dorfes São João do Garrafão <em>(sprich &#8222;Gahafau&#8220;)</em> im Südosten Brasiliens. Etwa 240 Schüler der 5. bis 11. Klasse erhalten eine Ausbildung im Wechsel zwischen einer Woche Ganztagsschule und einer Woche auf dem elterlichen Hof. Etwa die Hälfte der Schüler kommt aus Dörfern, die so schwierig zu erreichen sind, dass sie während der Schulwoche im Internat der Schule wohnen.</p>
<p>Der Unterricht wird durch Landwirtschaft auf dem Gelände der Schule ergänzt, das zum großen Teil noch von Urwald bedeckt ist. Nach einem zusätzlichen zwölften Schuljahr sind die Absolventen Agrartechniker mit Schwerpunkt ökologischer Obst- und Gemüseanbau. Die Ausbildung spielt eine wichtige Rolle, um den ökologischen Landbau auszubauen und die Landflucht zu verringern.</p>
<p><a href="http://globalenachbarn.org/wp-content/uploads/2016/09/ga_karte_brasil.jpg"><img loading="lazy" decoding="async" class="alignright size-medium wp-image-2169" src="http://globalenachbarn.org/wp-content/uploads/2016/09/ga_karte_brasil-288x250.jpg" alt="Brasiliens Regionen und die Lage von Garrafão" width="288" height="250" srcset="https://globalenachbarn.org/wp-content/uploads/2016/09/ga_karte_brasil-288x250.jpg 288w, https://globalenachbarn.org/wp-content/uploads/2016/09/ga_karte_brasil-150x130.jpg 150w, https://globalenachbarn.org/wp-content/uploads/2016/09/ga_karte_brasil-768x668.jpg 768w, https://globalenachbarn.org/wp-content/uploads/2016/09/ga_karte_brasil-500x435.jpg 500w, https://globalenachbarn.org/wp-content/uploads/2016/09/ga_karte_brasil.jpg 1900w" sizes="auto, (max-width: 288px) 100vw, 288px" /></a>Im Hochland des Bundesstaates Espírito Santo („Heiliger Geist“) besteht die Bevölkerung zu 80 % aus Nachfahren pommerscher Einwanderer, die im 19. Jahrhundert vor der Hungersnot in Europa nach Brasilien geflohen sind. Sie gehören zur evangelisch-lutherischen Kirche und leben in sehr einfachen Verhältnissen von familiärer Landwirtschaft.</p>
<h2>Artikel zur EFA in São João do Garrafão</h2>
<div class="pt-cv-wrapper"><div class="pt-cv-view pt-cv-grid pt-cv-colsys" id="pt-cv-view-ca708ccl3e"><div data-id="pt-cv-page-1" class="pt-cv-page" data-cvc="2"><div class="col-md-6 col-sm-6 col-xs-12 pt-cv-content-item pt-cv-1-col" ><div class='pt-cv-ifield'><a href="https://globalenachbarn.org/?p=2780" class="_self pt-cv-href-thumbnail pt-cv-thumb-default" target="_self" ><img loading="lazy" decoding="async" width="300" height="225" src="https://globalenachbarn.org/wp-content/uploads/2022/10/DSCN7551-300x225.jpg" class="pt-cv-thumbnail" alt="Das erste Kalb in diesem Jahr" srcset="https://globalenachbarn.org/wp-content/uploads/2022/10/DSCN7551-300x225.jpg 300w, https://globalenachbarn.org/wp-content/uploads/2022/10/DSCN7551-500x375.jpg 500w, https://globalenachbarn.org/wp-content/uploads/2022/10/DSCN7551-150x113.jpg 150w, https://globalenachbarn.org/wp-content/uploads/2022/10/DSCN7551-768x576.jpg 768w, https://globalenachbarn.org/wp-content/uploads/2022/10/DSCN7551-1536x1152.jpg 1536w, https://globalenachbarn.org/wp-content/uploads/2022/10/DSCN7551.jpg 2000w" sizes="auto, (max-width: 300px) 100vw, 300px" /></a>
<h4 class="pt-cv-title"><a href="https://globalenachbarn.org/?p=2780" class="_self" target="_self" >Galerie:  Im Kuhstall tut sich was&#8230;</a></h4>
<div class="pt-cv-content">Für die Ausbildung in der Schule gibt es neben den Gärten und Feldern auch einige Tiere. Die Rinder bekamen während ...<br /><div class="pt-cv-rmwrap"><a href="https://globalenachbarn.org/?p=2780" class="_self pt-cv-readmore btn btn-success" target="_self">Weiterlesen …</a></div></div></div></div>
<div class="col-md-6 col-sm-6 col-xs-12 pt-cv-content-item pt-cv-1-col" ><div class='pt-cv-ifield'><a href="https://globalenachbarn.org/?p=2772" class="_self pt-cv-href-thumbnail pt-cv-thumb-default" target="_self" ><img loading="lazy" decoding="async" width="300" height="225" src="https://globalenachbarn.org/wp-content/uploads/2022/10/DSCN7456-300x225.jpg" class="pt-cv-thumbnail" alt="Eine Klasse der Oberstufe" srcset="https://globalenachbarn.org/wp-content/uploads/2022/10/DSCN7456-300x225.jpg 300w, https://globalenachbarn.org/wp-content/uploads/2022/10/DSCN7456-500x375.jpg 500w, https://globalenachbarn.org/wp-content/uploads/2022/10/DSCN7456-150x113.jpg 150w, https://globalenachbarn.org/wp-content/uploads/2022/10/DSCN7456-768x576.jpg 768w, https://globalenachbarn.org/wp-content/uploads/2022/10/DSCN7456-1536x1152.jpg 1536w, https://globalenachbarn.org/wp-content/uploads/2022/10/DSCN7456.jpg 2000w" sizes="auto, (max-width: 300px) 100vw, 300px" /></a>
<h4 class="pt-cv-title"><a href="https://globalenachbarn.org/?p=2772" class="_self" target="_self" >Galerie: Weitere Facetten des Schulalltags</a></h4>
<div class="pt-cv-content">Die Bäckerei der Schule - Hier wird fast täglich Brot gebacken und ab und zu Kuchen. Der untere Schulhof mit ...<br /><div class="pt-cv-rmwrap"><a href="https://globalenachbarn.org/?p=2772" class="_self pt-cv-readmore btn btn-success" target="_self">Weiterlesen …</a></div></div></div></div>
<div class="col-md-6 col-sm-6 col-xs-12 pt-cv-content-item pt-cv-1-col" ><div class='pt-cv-ifield'><a href="https://globalenachbarn.org/?p=2425" class="_self pt-cv-href-thumbnail pt-cv-thumb-default" target="_self" ><img loading="lazy" decoding="async" width="300" height="169" src="https://globalenachbarn.org/wp-content/uploads/2022/10/DSCN7226-300x169.jpg" class="pt-cv-thumbnail" alt="" srcset="https://globalenachbarn.org/wp-content/uploads/2022/10/DSCN7226-300x169.jpg 300w, https://globalenachbarn.org/wp-content/uploads/2022/10/DSCN7226-500x281.jpg 500w, https://globalenachbarn.org/wp-content/uploads/2022/10/DSCN7226-150x84.jpg 150w, https://globalenachbarn.org/wp-content/uploads/2022/10/DSCN7226-768x432.jpg 768w, https://globalenachbarn.org/wp-content/uploads/2022/10/DSCN7226-1536x864.jpg 1536w, https://globalenachbarn.org/wp-content/uploads/2022/10/DSCN7226.jpg 2000w" sizes="auto, (max-width: 300px) 100vw, 300px" /></a>
<h4 class="pt-cv-title"><a href="https://globalenachbarn.org/?p=2425" class="_self" target="_self" >Ausbau der EFA</a></h4>
<div class="pt-cv-content">Aktuell besuchen 185 Schüler die EFA von São João do Garrafão, verteilt auf acht Klassen. Die vier Klassen der Mittelstufe ...<br /><div class="pt-cv-rmwrap"><a href="https://globalenachbarn.org/?p=2425" class="_self pt-cv-readmore btn btn-success" target="_self">Weiterlesen …</a></div></div></div></div>
<div class="col-md-6 col-sm-6 col-xs-12 pt-cv-content-item pt-cv-1-col" ><div class='pt-cv-ifield'><a href="https://globalenachbarn.org/?p=2036" class="_self pt-cv-href-thumbnail pt-cv-thumb-default" target="_self" ><img loading="lazy" decoding="async" width="300" height="199" src="https://globalenachbarn.org/wp-content/uploads/2016/09/ga_efa_schulhof_01-300x199.jpg" class="pt-cv-thumbnail" alt="" srcset="https://globalenachbarn.org/wp-content/uploads/2016/09/ga_efa_schulhof_01-300x199.jpg 300w, https://globalenachbarn.org/wp-content/uploads/2016/09/ga_efa_schulhof_01-150x100.jpg 150w, https://globalenachbarn.org/wp-content/uploads/2016/09/ga_efa_schulhof_01-768x511.jpg 768w, https://globalenachbarn.org/wp-content/uploads/2016/09/ga_efa_schulhof_01-500x332.jpg 500w, https://globalenachbarn.org/wp-content/uploads/2016/09/ga_efa_schulhof_01.jpg 1900w" sizes="auto, (max-width: 300px) 100vw, 300px" /></a>
<h4 class="pt-cv-title"><a href="https://globalenachbarn.org/?p=2036" class="_self" target="_self" >Reisebericht Garrafão 2015</a></h4>
<div class="pt-cv-content">Nach etwa 14 Stunden Busreise von Rio de Janeiro aus traf unsere Reisegruppe in São João do Garrafão ein ...<br /><div class="pt-cv-rmwrap"><a href="https://globalenachbarn.org/?p=2036" class="_self pt-cv-readmore btn btn-success" target="_self">Weiterlesen …</a></div></div></div></div>
<div class="col-md-6 col-sm-6 col-xs-12 pt-cv-content-item pt-cv-1-col" ><div class='pt-cv-ifield'><a href="https://globalenachbarn.org/?p=743" class="_self pt-cv-href-thumbnail pt-cv-thumb-default" target="_self" ></a>
<h4 class="pt-cv-title"><a href="https://globalenachbarn.org/?p=743" class="_self" target="_self" >Neues von der EFA Garrafão</a></h4>
<div class="pt-cv-content">Die EFA Garrafão hat ihr bisheriges System umgestellt, bei dem ein zusätzliches Jahr mit fachlichem Schwerpunkt angehängt wurde. Die Schüler ...<br /><div class="pt-cv-rmwrap"><a href="https://globalenachbarn.org/?p=743" class="_self pt-cv-readmore btn btn-success" target="_self">Weiterlesen …</a></div></div></div></div>
<div class="col-md-6 col-sm-6 col-xs-12 pt-cv-content-item pt-cv-1-col" ><div class='pt-cv-ifield'><a href="https://globalenachbarn.org/?p=1581" class="_self pt-cv-href-thumbnail pt-cv-thumb-default" target="_self" ></a>
<h4 class="pt-cv-title"><a href="https://globalenachbarn.org/?p=1581" class="_self" target="_self" >Die EFA Garrafao</a></h4>
<div class="pt-cv-content">Den Kontakt zur landwirtschaftlichen Familienschule (EFA) in Garrafão erhielten wir bereits 1997 durch den Leiter der Schule und ev.-luth. Pfarrer ...<br /><div class="pt-cv-rmwrap"><a href="https://globalenachbarn.org/?p=1581" class="_self pt-cv-readmore btn btn-success" target="_self">Weiterlesen …</a></div></div></div></div></div></div></div>

<p>Es ist eine Schule der besonderen Art in Brasilien: die „Landwirtschaftliche Familienschule“ (EFA) des Dorfes São João do Garrafão (sprich &#8222;Gahafau&#8220;) im Südosten Brasiliens. Etwa 240 Schüler der 5. bis <a class="more-link" href="https://globalenachbarn.org/?page_id=2181">Weiter lesen →</a></p>
