{"id":904,"date":"2015-11-22T15:28:54","date_gmt":"2015-11-22T15:28:54","guid":{"rendered":"http:\/\/globalenachbarn.org\/?page_id=904"},"modified":"2019-02-03T19:54:18","modified_gmt":"2019-02-03T19:54:18","slug":"casa-antonita","status":"publish","type":"page","link":"https:\/\/globalenachbarn.org\/?page_id=904","title":{"rendered":"Casa Antonita"},"content":{"rendered":"\n<div class=\"wp-block-image\"><figure class=\"alignleft is-resized\"><a href=\"http:\/\/globalenachbarn.org\/wp-content\/uploads\/2015\/11\/g_so16_7152.jpg\"><img loading=\"lazy\" decoding=\"async\" src=\"http:\/\/globalenachbarn.org\/wp-content\/uploads\/2015\/11\/g_so16_7152-1600x1200.jpg\" alt=\"\" class=\"wp-image-852\" width=\"216\" height=\"162\"\/><\/a><\/figure><\/div>\n\n\n\n<p>Die Casa Antonita ist ein Haus f\u00fcr M\u00e4dchen zwischen 10 und 17 Jahren. Sie k\u00f6nnen dort vor oder nach der Schule hinkommen und kochen gemeinsam, essen etwas, bekommen Hilfe bei den Hausaufgaben und nehmen an praktischen Kursen teil. Ehrenamtliche Mitarbeiter betreuen die M\u00e4dchen. Das Haus hat einen Innenhof mit Gem\u00fcsegarten, eine K\u00fcche, Sanit\u00e4ranlagen, einen gro\u00dfen Essraum und einen kleinen Computerraum.<\/p>\n\n\n<div class=\"pt-cv-wrapper\"><div class=\"pt-cv-view pt-cv-grid pt-cv-colsys\" id=\"pt-cv-view-108dd9a5ca\"><div data-id=\"pt-cv-page-1\" class=\"pt-cv-page\" data-cvc=\"2\"><div class=\"col-md-6 col-sm-6 col-xs-12 pt-cv-content-item pt-cv-1-col\" ><div class='pt-cv-ifield'><a href=\"https:\/\/globalenachbarn.org\/?p=3017\" class=\"_self pt-cv-href-thumbnail pt-cv-thumb-default\" target=\"_self\" ><img loading=\"lazy\" decoding=\"async\" width=\"300\" height=\"225\" src=\"https:\/\/globalenachbarn.org\/wp-content\/uploads\/2022\/10\/DSCN8189-300x225.jpg\" class=\"pt-cv-thumbnail\" alt=\"\" srcset=\"https:\/\/globalenachbarn.org\/wp-content\/uploads\/2022\/10\/DSCN8189-300x225.jpg 300w, https:\/\/globalenachbarn.org\/wp-content\/uploads\/2022\/10\/DSCN8189-500x375.jpg 500w, https:\/\/globalenachbarn.org\/wp-content\/uploads\/2022\/10\/DSCN8189-150x113.jpg 150w, https:\/\/globalenachbarn.org\/wp-content\/uploads\/2022\/10\/DSCN8189-768x576.jpg 768w, https:\/\/globalenachbarn.org\/wp-content\/uploads\/2022\/10\/DSCN8189-1536x1152.jpg 1536w, https:\/\/globalenachbarn.org\/wp-content\/uploads\/2022\/10\/DSCN8189.jpg 2000w\" sizes=\"auto, (max-width: 300px) 100vw, 300px\" \/><\/a>\n<h4 class=\"pt-cv-title\"><a href=\"https:\/\/globalenachbarn.org\/?p=3017\" class=\"_self\" target=\"_self\" >Alltag in Sobradinho<\/a><\/h4>\n<div class=\"pt-cv-content\">Sobradinho, 04.10.2023 Diesen Tag verbringen Guido und ich damit, den Computerraum der Casa Antonita aufzur\u00e4umen und in einen arbeitsf\u00e4higen Zustand ...<br \/><div class=\"pt-cv-rmwrap\"><a href=\"https:\/\/globalenachbarn.org\/?p=3017\" class=\"_self pt-cv-readmore btn btn-success\" target=\"_self\">Weiterlesen \u2026<\/a><\/div><\/div><\/div><\/div>\n<div class=\"col-md-6 col-sm-6 col-xs-12 pt-cv-content-item pt-cv-1-col\" ><div class='pt-cv-ifield'><a href=\"https:\/\/globalenachbarn.org\/?p=2996\" class=\"_self pt-cv-href-thumbnail pt-cv-thumb-default\" target=\"_self\" ><\/a>\n<h4 class=\"pt-cv-title\"><a href=\"https:\/\/globalenachbarn.org\/?p=2996\" class=\"_self\" target=\"_self\" >Galerie: Alles eine Frage der Technik!<\/a><\/h4>\n<div class=\"pt-cv-content\">Wir l\u00f6sen ein Versprechen ein, dass Guido Marta 2015 gegeben hatte: Ich komme bald wieder und dann machen wir den ...<br \/><div class=\"pt-cv-rmwrap\"><a href=\"https:\/\/globalenachbarn.org\/?p=2996\" class=\"_self pt-cv-readmore btn btn-success\" target=\"_self\">Weiterlesen \u2026<\/a><\/div><\/div><\/div><\/div>\n<div class=\"col-md-6 col-sm-6 col-xs-12 pt-cv-content-item pt-cv-1-col\" ><div class='pt-cv-ifield'><a href=\"https:\/\/globalenachbarn.org\/?p=2362\" class=\"_self pt-cv-href-thumbnail pt-cv-thumb-default\" target=\"_self\" ><\/a>\n<h4 class=\"pt-cv-title\"><a href=\"https:\/\/globalenachbarn.org\/?p=2362\" class=\"_self\" target=\"_self\" >Gente Valente trotz Corona<\/a><\/h4>\n<div class=\"pt-cv-content\">Notizen eines Gespr\u00e4chs von Guido Hinz mit Marta Maria de Souza Am Ende eines recht turbulenten Jahres haben Marta und ...<br \/><div class=\"pt-cv-rmwrap\"><a href=\"https:\/\/globalenachbarn.org\/?p=2362\" class=\"_self pt-cv-readmore btn btn-success\" target=\"_self\">Weiterlesen \u2026<\/a><\/div><\/div><\/div><\/div>\n<div class=\"col-md-6 col-sm-6 col-xs-12 pt-cv-content-item pt-cv-1-col\" ><div class='pt-cv-ifield'><a href=\"https:\/\/globalenachbarn.org\/?p=843\" class=\"_self pt-cv-href-thumbnail pt-cv-thumb-default\" target=\"_self\" ><img loading=\"lazy\" decoding=\"async\" width=\"300\" height=\"224\" src=\"https:\/\/globalenachbarn.org\/wp-content\/uploads\/2015\/11\/ca_blumen_basteln-300x224.jpg\" class=\"pt-cv-thumbnail\" alt=\"\" srcset=\"https:\/\/globalenachbarn.org\/wp-content\/uploads\/2015\/11\/ca_blumen_basteln-300x224.jpg 300w, https:\/\/globalenachbarn.org\/wp-content\/uploads\/2015\/11\/ca_blumen_basteln-150x112.jpg 150w, https:\/\/globalenachbarn.org\/wp-content\/uploads\/2015\/11\/ca_blumen_basteln.jpg 500w\" sizes=\"auto, (max-width: 300px) 100vw, 300px\" \/><\/a>\n<h4 class=\"pt-cv-title\"><a href=\"https:\/\/globalenachbarn.org\/?p=843\" class=\"_self\" target=\"_self\" >Ein Tag in der Casa Antonita<\/a><\/h4>\n<div class=\"pt-cv-content\">Ein normaler Tag in der Casa Antonita beginnt ... Die Gruppe des Vormittags bei der Andacht ... gegen 8 Uhr ...<br \/><div class=\"pt-cv-rmwrap\"><a href=\"https:\/\/globalenachbarn.org\/?p=843\" class=\"_self pt-cv-readmore btn btn-success\" target=\"_self\">Weiterlesen \u2026<\/a><\/div><\/div><\/div><\/div>\n<div class=\"col-md-6 col-sm-6 col-xs-12 pt-cv-content-item pt-cv-1-col\" ><div class='pt-cv-ifield'><a href=\"https:\/\/globalenachbarn.org\/?p=67\" class=\"_self pt-cv-href-thumbnail pt-cv-thumb-default\" target=\"_self\" ><img loading=\"lazy\" decoding=\"async\" width=\"300\" height=\"225\" src=\"https:\/\/globalenachbarn.org\/wp-content\/uploads\/2015\/03\/ru00E1dio-300x225.jpg\" class=\"pt-cv-thumbnail\" alt=\"Marta Lokalradio\" srcset=\"https:\/\/globalenachbarn.org\/wp-content\/uploads\/2015\/03\/ru00E1dio-300x225.jpg 300w, https:\/\/globalenachbarn.org\/wp-content\/uploads\/2015\/03\/ru00E1dio.jpg 1200w\" sizes=\"auto, (max-width: 300px) 100vw, 300px\" \/><\/a>\n<h4 class=\"pt-cv-title\"><a href=\"https:\/\/globalenachbarn.org\/?p=67\" class=\"_self\" target=\"_self\" >Neues Jahr mit gro\u00dfen Herausforderungen<\/a><\/h4>\n<div class=\"pt-cv-content\">Jugendzentrum bleibt Baustelle Die M\u00e4dchen hoffen darauf, ihr Haus bald wieder bewohnen zu k\u00f6nnen. Der Umbau von Speiseraum und K\u00fcche ...<br \/><div class=\"pt-cv-rmwrap\"><a href=\"https:\/\/globalenachbarn.org\/?p=67\" class=\"_self pt-cv-readmore btn btn-success\" target=\"_self\">Weiterlesen \u2026<\/a><\/div><\/div><\/div><\/div>\n<div class=\"col-md-6 col-sm-6 col-xs-12 pt-cv-content-item pt-cv-1-col\" ><div class='pt-cv-ifield'><a href=\"https:\/\/globalenachbarn.org\/?p=1334\" class=\"_self pt-cv-href-thumbnail pt-cv-thumb-default\" target=\"_self\" ><img loading=\"lazy\" decoding=\"async\" width=\"300\" height=\"225\" src=\"https:\/\/globalenachbarn.org\/wp-content\/uploads\/2012\/06\/gem\u00fcsegartenCAA-300x225.jpg\" class=\"pt-cv-thumbnail\" alt=\"\" srcset=\"https:\/\/globalenachbarn.org\/wp-content\/uploads\/2012\/06\/gem\u00fcsegartenCAA-300x225.jpg 300w, https:\/\/globalenachbarn.org\/wp-content\/uploads\/2012\/06\/gem\u00fcsegartenCAA-150x113.jpg 150w, https:\/\/globalenachbarn.org\/wp-content\/uploads\/2012\/06\/gem\u00fcsegartenCAA-768x576.jpg 768w, https:\/\/globalenachbarn.org\/wp-content\/uploads\/2012\/06\/gem\u00fcsegartenCAA-500x375.jpg 500w, https:\/\/globalenachbarn.org\/wp-content\/uploads\/2012\/06\/gem\u00fcsegartenCAA.jpg 1000w\" sizes=\"auto, (max-width: 300px) 100vw, 300px\" \/><\/a>\n<h4 class=\"pt-cv-title\"><a href=\"https:\/\/globalenachbarn.org\/?p=1334\" class=\"_self\" target=\"_self\" >Ein Gem\u00fcsegarten in der CAA entsteht<\/a><\/h4>\n<div class=\"pt-cv-content\">Im Rahmen einer Fahrt von Sch\u00fclerinnen des Einhard-Gymnasiums Aachen im Jahr 2009 legten die Teilnehmer zusammen mit den M\u00e4dchen und ...<br \/><div class=\"pt-cv-rmwrap\"><a href=\"https:\/\/globalenachbarn.org\/?p=1334\" class=\"_self pt-cv-readmore btn btn-success\" target=\"_self\">Weiterlesen \u2026<\/a><\/div><\/div><\/div><\/div><\/div><\/div><\/div>\n","protected":false},"excerpt":{"rendered":"<p>Die Casa Antonita ist ein Haus f\u00fcr M\u00e4dchen zwischen 10 und 17 Jahren. Sie k\u00f6nnen dort vor oder nach der Schule hinkommen und kochen gemeinsam, essen etwas, bekommen Hilfe bei <a class=\"more-link\" href=\"https:\/\/globalenachbarn.org\/?page_id=904\">Weiter lesen \u2192<\/a><\/p>\n","protected":false},"author":3,"featured_media":0,"parent":0,"menu_order":2,"comment_status":"closed","ping_status":"closed","template":"","meta":{"footnotes":""},"class_list":["post-904","page","type-page","status-publish","hentry"],"_links":{"self":[{"href":"https:\/\/globalenachbarn.org\/index.php?rest_route=\/wp\/v2\/pages\/904","targetHints":{"allow":["GET"]}}],"collection":[{"href":"https:\/\/globalenachbarn.org\/index.php?rest_route=\/wp\/v2\/pages"}],"about":[{"href":"https:\/\/globalenachbarn.org\/index.php?rest_route=\/wp\/v2\/types\/page"}],"author":[{"embeddable":true,"href":"https:\/\/globalenachbarn.org\/index.php?rest_route=\/wp\/v2\/users\/3"}],"replies":[{"embeddable":true,"href":"https:\/\/globalenachbarn.org\/index.php?rest_route=%2Fwp%2Fv2%2Fcomments&post=904"}],"version-history":[{"count":8,"href":"https:\/\/globalenachbarn.org\/index.php?rest_route=\/wp\/v2\/pages\/904\/revisions"}],"predecessor-version":[{"id":2319,"href":"https:\/\/globalenachbarn.org\/index.php?rest_route=\/wp\/v2\/pages\/904\/revisions\/2319"}],"wp:attachment":[{"href":"https:\/\/globalenachbarn.org\/index.php?rest_route=%2Fwp%2Fv2%2Fmedia&parent=904"}],"curies":[{"name":"wp","href":"https:\/\/api.w.org\/{rel}","templated":true}]}}